x**4/12 + x**3/2 + 2*x**2 + 47. What are the prime factors of b(-2)?
887
Let w(g) = 40*g**2 + 7*g - 4. Suppose 19*c + 48 = 11*c. What are the prime factors of w(c)?
2, 17, 41
Let l(z) be the second derivative of z**4/12 - 4*z**3 - 11*z**2 + 16*z. Let n be l(25). List the prime factors of (-334)/n*(-8 + 52/8).
167
Suppose -p - 94 = -5*j - 366, 2*j + 8 = 0. Let z = -166 + p. What are the prime factors of z?
2, 43
Let c(s) = -s**2 + 13*s + 22. Let o be c(9). Suppose 0*n + 2*n - o = 2*w, 3*n = 5*w + 97. Suppose -n - 56 = -4*p. What are the prime factors of p?
2, 5
Let h = 40 - 21. Let k = h - 51. What are the prime factors of (k/12)/(10/(-195))?
2, 13
Let k = 71 - 68. Suppose k*g + 186 = -339. Let m = 43 - g. List the prime factors of m.
2, 109
Suppose -5*s + 215 + 4760 = 0. Let x be (16 + 2 + 1)*1. Suppose -x = 8*g - s. What are the prime factors of g?
2, 61
Suppose 5*g - 11132 - 82888 = 0. What are the prime factors of g?
2, 3, 1567
Let y(a) = 2*a - 3. Let o be y(3). Let j(n) = 37*n + 370. Let g(w) = -65. Let u(c) = 6*g(c) + j(c). What are the prime factors of u(o)?
7, 13
Let x(m) = 9 + 1 + 3*m**3 - 2*m**3 + 4*m - 3*m**3. Let o be x(-2). List the prime factors of ((-34)/(-10))/(o/90).
17
Let c(l) = 462*l**2 - 20*l + 183. What are the prime factors of c(6)?
3, 5, 7, 53
Let i be -2*2/6 - (-496)/(-93). What are the prime factors of (4/i)/((-2)/2220)?
2, 5, 37
Suppose -3*z + 6*z - 5*v - 4246 = 5351, 0 = v. What are the prime factors of z?
7, 457
Suppose 15*d + 12025 = 3*k + 13*d, 2*d = -2*k + 8030. What are the prime factors of k?
3, 7, 191
Suppose -4*g + 12 = -16. Suppose -5*u - 4*s = g, u + 4*s = -2*u - 9. What are the prime factors of 175/(u + 4)*10/7?
2, 5
Let q = 48 + -38. Suppose -q*b = -868 + 178. What are the prime factors of b?
3, 23
Let y(q) = -586*q - 3283. List the prime factors of y(-57).
30119
Suppose -66*a + 6039264 = 742566. What are the prime factors of a?
3, 37, 241
Suppose 3*t + 2*a = -4, 5*t - 6 = 4*a + 2. Suppose t = 2*r + 17*r - 5377. List the prime factors of r.
283
Let z be 10*(14 - 1)/((-30)/12). Let d = 166 + z. Suppose 4*c = 574 - d. List the prime factors of c.
5, 23
Suppose 0 = 5*j + 3*h - 1125, 2*j + 3*h - 481 = 8*h. Suppose -3*w + 3*p + j = 0, -4*w + 5*p + 19 = -290. Let f = 97 - w. List the prime factors of f.
2, 13
Let y(d) = -d**3 + 13*d**2 - 17*d + 3. Let h = 86 + -73. Let w be y(h). Let t = -105 - w. What are the prime factors of t?
113
What are the prime factors of (-37)/((-1)/(-6)*(1665/4890)/(-37))?
2, 37, 163
Let r(z) = z**2 - 5*z + 15. Let q be r(6). Suppose q*k + 2268 = 39*k. What are the prime factors of k?
2, 3, 7
Suppose -51*k + 53*k + 12479 - 117353 = 0. What are the prime factors of k?
3, 7, 11, 227
Suppose -3*f - 3 - 2 = 2*a, 5*a + f = -6. Let t(z) = -3*z**3. Let n be t(a). Suppose 1 = -k + 3*b, -k - n*k - b = -9. What are the prime factors of k?
2
Let y(z) = -z**2 + 36*z + 15. Suppose -92 = -5*b - u, -3*b - 11*u + 13*u = -50. List the prime factors of y(b).
3, 113
Let n(g) = 114*g + 2617. List the prime factors of n(43).
73, 103
Let h(c) = c**3 + 9*c**2 + 15*c. Let x be h(-6). Suppose -x*d - n = -16*d - 203, 0 = 4*d - 2*n - 402. List the prime factors of d.
101
Suppose 11*o = 23 - 1. Let b be ((-6)/o)/(-6)*0. Suppose b = -4*h + 5*y + 86 + 230, -16 = 4*y. What are the prime factors of h?
2, 37
Let h = -1 + 0. List the prime factors of (-39)/h - 60/12.
2, 17
List the prime factors of (-34 + 1)/(0 - 14/6538).
3, 11, 467
Let j = 46 + -45. Let m(h) = 124*h**3 - h**2 + h. Let o be m(j). List the prime factors of (8 + -13)*o/(-10).
2, 31
Let n be (-4)/18*-6*(-3)/(-2). Suppose -1081 + 35 = -n*s. List the prime factors of s.
523
Let t = 182 - 480. Let c = t + 582. What are the prime factors of c?
2, 71
Let a be -11 + (8/4 - -4). Let m(h) = -16*h - 65. What are the prime factors of m(a)?
3, 5
Let o be -9 + (32/4 - -6). Suppose -9*f + 4*f + o*m = -5695, 4*f - 4550 = m. List the prime factors of f.
3, 379
Let i(t) = 6*t**3 + 27*t**2 - 17*t - 161. What are the prime factors of i(14)?
3, 7, 113
Let n = -9357 + 30150. What are the prime factors of n?
3, 29, 239
Let m(w) = -w**3 + 13*w**2 - 18*w + 5. Let g(q) = q**3 - 5*q**2 + 8*q - 13. Let x be g(4). Suppose 0 = -5*d + x*d + 18. What are the prime factors of m(d)?
167
Let i(g) = 106*g + 11. Let r be i(5). Let q be (-4)/16 - (-4764)/(-16). Let v = r + q. What are the prime factors of v?
3
Suppose 22808 + 6139 = 81*v - 31236. What are the prime factors of v?
743
Suppose 18*r = 30*r - 11148. Suppose -4*h = -5*h + r. List the prime factors of h.
929
Suppose -13*c + 10826 = -44580. List the prime factors of c.
2, 2131
Suppose -173 + 8 = -b. Suppose 8*o + b - 869 = 0. List the prime factors of o.
2, 11
Let s = 70 - 426. Let b = s + 819. What are the prime factors of b?
463
Suppose 5*w - 2767 - 12181 = -n, 3*w = 2*n - 29974. What are the prime factors of n?
2, 7489
Suppose -9*b + 2240 + 2323 = 0. Let y = -222 + b. What are the prime factors of y?
3, 5, 19
Suppose -3*u + 3*n = -344 - 133, -4*n + 149 = u. Let g = u - -44. What are the prime factors of (-2 - 1)*g/(-9)?
67
Suppose 3*z - 3*x - 13214 = 66310, -2*z + 53065 = 5*x. What are the prime factors of z?
5, 5303
Let h = 14863 + -14832. List the prime factors of h.
31
Let s = 4529 - -4861. Suppose 19*x - 4*x = s. What are the prime factors of x?
2, 313
Let r(v) = v + 26. Let p be r(-6). Suppose -7*d + 3*d = -p. Suppose -d*g + 0*g + 135 = 0. List the prime factors of g.
3
Let n(y) = 2*y**2 + 8*y + 5. Let r be n(-4). Let c be -4 + (13 - 20/r). Suppose c*b - 119 = -i, -3*i + 137 = -2*i - 4*b. List the prime factors of i.
3, 43
Let v = 210 - 96. Let b = v - 27. What are the prime factors of b?
3, 29
Let z(t) = 15*t - 12. Suppose 9*s - 3*s - 120 = 0. Suppose -23*k = -21*k - s. What are the prime factors of z(k)?
2, 3, 23
What are the prime factors of (-1231065)/(-30) + 77/(-14)?
2, 5, 11, 373
Let g(v) = 988*v**3 - 17*v**2 - 2*v - 24. Let x(d) = 493*d**3 - 8*d**2 - d - 11. Let p(t) = 6*g(t) - 13*x(t). List the prime factors of p(-1).
13, 37
Suppose -3*u + 5 = 2*l, 0*u + 2*l = 5*u - 35. Suppose 61 = t + 4. Suppose -u*v - t = -4*a + 158, -2*a = v - 125. What are the prime factors of a?
2, 3, 5
Let l be (153/6 - 1)/((-1)/(-2)). Let z = -45 + l. Suppose 336 = z*j + 28. What are the prime factors of j?
7, 11
Let d(c) = -7*c + 2. Let n = 41 + -65. Let f = n + 15. What are the prime factors of d(f)?
5, 13
Suppose -d - 3*c = -11, -9*d = -12*d + c + 3. Suppose -r + 1370 = -2*j + j, -4*r - 5464 = 4*j. What are the prime factors of (-5)/d*j/30?
2, 3, 19
Let k = 57 - 50. Let r be (-17)/119 - (-1639)/k. What are the prime factors of (-1*1)/(-1 - (-231)/r)?
2, 3, 13
Suppose -49*f + 52*f + 585 = 0. Let n = f + 331. What are the prime factors of n?
2, 17
Let v = -8972 - -14623. What are the prime factors of v?
5651
List the prime factors of (-36 - -34)*90/12*3866/(-6).
5, 1933
Let w be 36/42 - 8/(-56). What are the prime factors of -4 + (2 + w)*(-3945)/(-9)?
3, 19, 23
Let w be (-12)/(-14)*84/36. Suppose v - 259 = -3*z, w*v + 5*z - 250 = 264. What are the prime factors of v?
13, 19
Let o(k) = -479*k + 2. Suppose -3*g = -10 + 13. What are the prime factors of o(g)?
13, 37
Suppose 2*q - 2*t - 14132 = 0, 2*t + 158 = 3*q - 21037. What are the prime factors of q?
7, 1009
Let d(s) = -493*s + 4. Let i(w) = 4*w + 75. Let y be i(-19). List the prime factors of d(y).
7, 71
Let s(i) = 59*i**3 + 4*i**2 + 2*i - 1. Let m be s(-1). Let x = 266 + m. Let n = x + -69. List the prime factors of n.
139
Let n(k) = k. Let c be n(4). Suppose 4*r - 3*z + 4 = 0, c*r = -2*z + 15 + 1. What are the prime factors of r?
2
Suppose -66 = 5*c - 4*f, 5*c + 6*f = 2*f - 34. List the prime factors of 3427/4 + c/(-50 + 10).
857
Let w(k) = 3*k**2 - 2. Let n be w(2). Suppose 0 = -2*c - n, -4*c - 264 + 40 = 2*a. Let z = 318 + a. List the prime factors of z.
2, 3
Let o be (-1)/(1/2445)*(-26)/78. Suppose a + 3 = 5, 0 = z - 5*a - o. What are the prime factors of z?
3, 5, 11
Suppose 4 = -n + 3*b + 10, 0 = -n + 5*b + 16. Let z be 4 - n/(-3) - -24. Suppose 3*j - 2*j + z = 5*l, 4*l = -j + 29. What are the prime factors of l?
2, 3
Suppose 0 = -j + 2*p + 38, -19*p + 90 = 2*j - 16*p. Suppose 5*l = o + 2*l + 30, 5*o + 86 = -l. Let s = o + j. What are the prime factors of s?
2, 3
Suppose -14*